 What is the greatest common divisor of r and 56?
56
Let c be (((-11)/22)/((-8)/20))/(1/116). What is the highest common factor of c and 4901?
29
Let h = 23 - -40. Suppose 5*z - 2*z - 4*i - 126 = 0, 3*z + 3*i - 126 = 0. Calculate the highest common divisor of z and h.
21
Let g be 2/(-2) - 3 - 24. Let m be 8/g - 429/(-7). Suppose 2*n = -5*y + 272, -4*y - m = 5*n - 282. Calculate the greatest common divisor of 27 and y.
27
Let l be (-47)/(-1) + (-1 - -2). Let t be 3363266/28006 - (-2)/(-22). Calculate the greatest common factor of t and l.
24
Suppose 0 = 368*t - 160*t - 190944. Calculate the highest common factor of 81 and t.
27
Let q(p) = p**2 - 22*p - 20. Let n be q(18). Let v = 92 + n. Let j be (v - 12/(-6))*(1 + 1). What is the highest common divisor of 2 and j?
2
Let u be ((-3)/(-2))/((-2)/(-4)). Suppose -u*a = -37 - 2. Suppose -120 - 58 = -2*q - m, -4*q = 5*m - 344. Calculate the highest common divisor of q and a.
13
Let y(o) = 2414*o - 4291. Let m be y(3). Calculate the highest common divisor of 91 and m.
13
Suppose w - 34 = 10. Suppose 278 = 6*p - p + a, -3*a = 6. Let s = 122 - p. What is the highest common divisor of w and s?
22
Let g = -38422 - -38677. Calculate the greatest common factor of 200 and g.
5
Let d(b) = 11*b + 162. Let y(o) = 5*o + 51. Let i be y(-13). Let g be d(i). Calculate the greatest common factor of g and 72.
8
Let r be -106 - (2*12/8 + 1). Let k = -42 - r. Suppose 2*t - 110 = -5*v + 7*t, t - 63 = -4*v. Calculate the highest common factor of v and k.
17
Let h be -9*(-66)/(-3861) + (-13158)/(-13). What is the highest common factor of h and 1196?
92
Let t = 676 + -844. Let u = t + 490. What is the highest common factor of 46 and u?
46
Suppose -32*x + 2841 = -21*x + 905. Calculate the highest common divisor of 2032 and x.
16
Suppose -660 = -12*a + 10*a + 3*q, -4*a + 4*q = -1320. Suppose 0 = -5*g + h + 550, a = 6*g - 3*g - 5*h. Calculate the greatest common factor of g and 20.
10
Let j(p) = -p**3 - 12*p**2 - 19*p - 12. Let s be j(-12). Suppose -31*f - s = -805. Calculate the highest common factor of 437 and f.
19
Suppose 0 = -6*g - 5*b + 2965, g + 4*b - 370 = 121. What is the highest common divisor of g and 220?
55
Suppose -2*z + 7*z = 4*w - 105, 0 = w + 2*z - 23. Let n = -12356 + 12376. Calculate the greatest common factor of w and n.
5
Let b = -432 + 408. Let n be -7 - 9940/(-32) - 9/b. What is the greatest common factor of 4 and n?
4
Let u(s) = s**2 + 12*s + 3. Let j be u(-12). Suppose -6*q + 30 = -j*q. Let x = -9 - -29. What is the highest common divisor of q and x?
10
Let f = -158 - -223. Let w = -246 - -304. Suppose k - 5*k - 46 = -b, 3*b - w = -4*k. Calculate the greatest common divisor of f and b.
13
Suppose 5*k = 4*f + 4808, 5*k - 245*f = -249*f + 4832. What is the greatest common factor of k and 12773?
241
Suppose 965*h - 400 = 960*h. What is the greatest common factor of h and 272?
16
Let g(p) = 8 - 16*p + 8 + 54 + 18*p. Let o be g(-11). What is the greatest common divisor of o and 432?
48
Let c = -9099 + 9106. Calculate the greatest common divisor of c and 126.
7
Suppose -l - 153 = -725. Let v(t) = -t**2 + 16*t - 8. Let a be v(6). Calculate the greatest common divisor of a and l.
52
Suppose 0 = -3*n - 2*b + 1454, 58 = -9*b + 40. What is the greatest common divisor of n and 2358?
18
Let n(k) = 130*k - 645. Let p be n(24). What is the highest common divisor of p and 396?
99
Suppose 33*p - 209 + 227 = 1140. What is the greatest common divisor of 391 and p?
17
Suppose -14*w - 18 = -13*w. Let j be (w/8)/(-8 - 127/(-16)). Calculate the highest common divisor of j and 9.
9
Suppose 149 = 4*o - 43. Let j be (-4)/o*-2721 + (-1)/(-4). Suppose -4*h = -a - j, 0*h - 115 = -2*h + a. What is the highest common divisor of 8 and h?
8
Let g = 299887 - 299842. Let z(s) = -s**3 - 5*s**2 - 4*s + 5. Let c be z(-6). Calculate the greatest common divisor of c and g.
5
Let t(q) = -27*q - 172. Let i be t(-7). Let v be 17/i - (3 + -9). Calculate the greatest common divisor of v and 203.
7
Let t = -57 + 107. Suppose 4*z = -x + 43, -2*x - 3*x = 5*z - t. Suppose z*g - 9 = 6*g - 2*i, -3*i + 6 = 0. Calculate the greatest common divisor of g and 1.
1
Let q = -7630 - -8413. Calculate the greatest common factor of 8091 and q.
261
Let p be ((-8)/6)/(((-14)/30)/7). Suppose p = -4*n + 8*n. Suppose 7 = -n*w + 127. Calculate the greatest common factor of 72 and w.
24
Suppose 2*w + 3*w = 70. Let f = -100 + 107. Suppose -11*d = -12*d + f. Calculate the greatest common divisor of w and d.
7
Suppose -4*m + 3*r - 471 = -8*m, 0 = 5*m - 5*r - 615. Let d be ((-15)/(-12) - 0) + (-715)/(-52). What is the highest common divisor of m and d?
15
Let x(j) = 6*j**3 - 13*j**2 + 39*j - 37. Let h be x(3). Let n = -25 - -75. Suppose -2*w + n = -0. Calculate the greatest common factor of h and w.
25
Suppose 10*b - 1297 = 253. Suppose -688 = -6*d + 56. Calculate the highest common divisor of b and d.
31
Suppose -4*x + i = -146, -5*x - 49 + 239 = -5*i. Let a = x + -29. Suppose -a*t - 20 = -9*t. What is the greatest common divisor of 20 and t?
10
Let n = -156780 + 157116. Let q be (-1)/2*(-190 + -2). Calculate the greatest common divisor of n and q.
48
Let x = -67 - -70. Suppose -x*p + 1679 = -4*v + 3*v, 4*p - 2227 = -v. Suppose m - 281 = t, 2*m - 3*t - 6 = p. What is the highest common divisor of 31 and m?
31
Let z be 66 - (-7 - (-8)/2). Let t = z - 40. Let w(f) = 4*f**2 + 3*f + 2. Let i be w(-3). Calculate the highest common factor of t and i.
29
Let y = 2617 + -2595. What is the highest common factor of 78 and y?
2
Suppose 22656 = 4*j + 2*m, -j + 89*m - 94*m + 5646 = 0. What is the highest common factor of j and 2?
2
Let w(g) = -32*g**2 - 9*g + 1387. Let b be w(0). Calculate the highest common divisor of b and 3577.
73
Let d be 15/(180/17304) - 18. Calculate the highest common divisor of 89 and d.
89
Suppose -111350 = -9*y - 29765. Calculate the greatest common factor of y and 185.
185
Suppose -114*p + 72 = -108*p. Let h(r) = r**2 - 12*r + 26. Let d be h(11). Calculate the greatest common factor of d and p.
3
Suppose -r = 2*r. Suppose r*u + u - 1 = w, -11 = 3*w - 5*u. Let k be 4*(54/8)/w. What is the greatest common factor of k and 6?
3
Let y(c) = -c**3 + 6*c**2 + 19*c - 10. Let j be y(8). Let a(i) = i**3 + 9*i**2 - 6*i + 7. Let s be a(-8). What is the greatest common factor of j and s?
7
Suppose -4*n - 153*z + 157*z = -300, 0 = -4*n - z + 285. Calculate the highest common factor of n and 135.
9
Suppose 5*c = -2*d - 153, -5*d - 4*c - 369 = -5*c. Let u = d + 230. Calculate the greatest common factor of 12 and u.
12
Let b = 135 - 109. Let a = -81 + b. Let u be (-99)/a*70/6. Calculate the highest common divisor of u and 63.
21
Let m = -366 + 388. Suppose -i + 5*q - 21 = -235, 210 = i - q. What is the highest common divisor of i and m?
11
Suppose 25734 - 5760 + 43626 = 10*x. Calculate the greatest common factor of x and 600.
120
Let z be (-4)/(-6) - (-266)/6. Suppose -33 = 3*d - 9*t, 13*t = 4*d + 11*t - 26. What is the highest common divisor of z and d?
5
Let y(i) = i**2 - 4*i. Let f be y(-13). Suppose -23 - 250 = -21*s. What is the greatest common divisor of f and s?
13
Let q(h) = h**2 + 51*h + 120. Let g be q(-51). Let i be (-14)/77 + (-70)/(-22). Let a be i/(-15) + (-121)/(-5). What is the greatest common factor of a and g?
24
Let r be ((-64)/(-24))/((-2)/(-3)). Suppose 128 = 12*k - 4*k. Calculate the greatest common divisor of k and r.
4
Let b = -615 - -653. Let k = b + 81. What is the greatest common divisor of k and 204?
17
Suppose 0 = -2*h - 5*a - 5, 2*h - 12*a = -16*a - 6. Let t be (h*(-306)/24)/((-6)/(-16)). Calculate the highest common divisor of 20 and t.
10
Let o(b) = -b**3 - 2*b**2 - b. Let z be o(-7). Suppose y - 5*g = -9*g + 44, 5*y - 128 = 3*g. What is the highest common divisor of y and z?
28
Let i be ((-126)/36 - -2)*-2774. Calculate the highest common factor of 228 and i.
57
Let m = 3089 + -3063. Calculate the highest common factor of 3458 and m.
26
Suppose 3*g - l = 8174, 116*l - 117*l = -5*g + 13620. Calculate the greatest common divisor of 7 and g.
7
Let m(s) = -s**2 + 13*s - 5. Let d be m(14). Let z = d - -53. Calculate the greatest common factor of z and 272.
34
Let u(l) be the second derivative of l**3/2 + 3*l**2/2 + 3*l - 17. Let a be u(5). Wh